{"id":5862,"date":"2025-02-04T09:30:51","date_gmt":"2025-02-04T01:30:51","guid":{"rendered":"https:\/\/art.nthu.edu.tw\/?page_id=5862"},"modified":"2025-05-13T17:44:32","modified_gmt":"2025-05-13T09:44:32","slug":"%e5%9c%8b%e9%9a%9b%e9%9f%b3%e6%a8%82%e5%a4%a7%e5%b8%ab%e7%8f%ad%e6%9a%a8%e5%80%8b%e5%88%a5%e6%8c%87%e5%b0%8e","status":"publish","type":"page","link":"https:\/\/art.nthu.edu.tw\/?page_id=5862","title":{"rendered":"\u570b\u969b\u97f3\u6a02\u5927\u5e2b\u73ed\u66a8\u500b\u5225\u6307\u5c0e"},"content":{"rendered":"<p>&nbsp;<\/p>\n<p style=\"line-height: 30px; text-align: justify;\"><span style=\"font-family: 'book antiqua', palatino, serif;\"><span style=\"color: #ffffff;\"><a id=\"UP\"><\/a>U<a href=\"https:\/\/art.nthu.edu.tw\/wp-content\/uploads\/2025\/02\/banner6.png\"><img decoding=\"async\" class=\"alignnone size-full wp-image-6149\" src=\"https:\/\/art.nthu.edu.tw\/wp-content\/uploads\/2025\/02\/banner6.png\" alt=\"\" width=\"600\" srcset=\"https:\/\/art.nthu.edu.tw\/wp-content\/uploads\/2025\/02\/banner6.png 2500w, https:\/\/art.nthu.edu.tw\/wp-content\/uploads\/2025\/02\/banner6-768x192.png 768w, https:\/\/art.nthu.edu.tw\/wp-content\/uploads\/2025\/02\/banner6-1536x384.png 1536w, https:\/\/art.nthu.edu.tw\/wp-content\/uploads\/2025\/02\/banner6-2048x512.png 2048w\" sizes=\"(max-width: 2500px) 100vw, 2500px\" \/><\/a>P<\/span><br \/>\n\u70ba\u57f9\u80b2\u5091\u51fa\u97f3\u6a02\u4eba\u624d\uff0c2025\u5e74\u6625\u4e4b\u6e05\u83ef\u85dd\u8853\u7bc0\u570b\u969b\u97f3\u6a02\u5927\u5e2b\u6307\u5c0e\uff0c\u7279\u9080\u516d\u4f4d\u570b\u969b\u77e5\u540d\u97f3\u6a02\u5bb6\u849e\u81e8\u6e05\u83ef\u6307\u5c0e\u5b78\u5b50\u3002\u672c\u6b21\u8fa6\u7406\u4e4b\u5927\u5e2b\u73ed\u66a8\u500b\u5225\u8ab2\u6db5\u84cb\u8072\u6a02\u3001\u92fc\u7434\u3001\u5927\u63d0\u7434\u53ca\u5c0f\u63d0\u7434\uff0c\u4ee5\u4e0b\u5834\u6b21\u958b\u653e\u89c0\u6469\uff0c\u6b61\u8fce\u53c3\u8207\uff1a<br \/>\n<\/span><\/p>\n<p><span style=\"font-family: 'book antiqua', palatino, serif;\"><strong>\u7cfb\u9928\u4f4d\u7f6e\uff5c<\/strong><a href=\"https:\/\/maps.app.goo.gl\/E2EkAnPyyfBCwkNB7\">\u570b\u7acb\u6e05\u83ef\u5927\u5b78 \u85dd\u8853\u5b78\u9662 \u97f3\u6a02\u7cfb\u9928<\/a><\/span><br \/>\n<span style=\"font-family: 'book antiqua', palatino, serif;\">&nbsp; \u3000\u3000\u3000\u3000\uff08\u65b0\u7af9\u5e02\u6771\u5340\u5357\u5927\u8def521\u865f\uff09&nbsp;<\/span><\/p>\n<p><span style=\"font-family: 'book antiqua', palatino, serif;\"><strong>\u5834\u6b21\u8cc7\u8a0a\uff5c<\/strong><span style=\"text-decoration: underline;\"><span style=\"color: #ff6600; text-decoration: underline;\"><strong style=\"font-size: 10pt;\">&nbsp;<\/strong><span style=\"font-size: 10pt;\">\u90e8\u5206\u5834\u6b21\u6642\u9593\u70ba\u56e0\u61c9\u97f3\u6a02\u5bb6\u884c\u7a0b\u6216\u6709\u8abf\u6574\uff0c\u8acb\u4ee5\u5b98\u7db2\u516c\u544a\u70ba\u6e96 (2025.05.12\u66f4\u65b0 Boris Slutsky \u5927\u5e2b\u73ed\u5834\u6b21)<\/span><\/span><\/span><\/span><\/p>\n<p>&nbsp;<\/p>\n<p style=\"line-height: 1.2; padding-left: 40px;\"><span style=\"font-family: 'book antiqua', palatino, serif;\"><strong><span style=\"text-decoration: underline;\"><a href=\"https:\/\/art.nthu.edu.tw\/wp-content\/uploads\/2025\/03\/\u57a0\u5e0c\u2027\u91d1\u2027\u99ac\u5409\u5967_2-scaled.jpg\"><img decoding=\"async\" class=\"size-full wp-image-6360 alignleft\" src=\"https:\/\/art.nthu.edu.tw\/wp-content\/uploads\/2025\/03\/\u57a0\u5e0c\u2027\u91d1\u2027\u99ac\u5409\u5967_2-scaled.jpg\" alt=\"\" width=\"100\" srcset=\"https:\/\/art.nthu.edu.tw\/wp-content\/uploads\/2025\/03\/\u57a0\u5e0c\u2027\u91d1\u2027\u99ac\u5409\u5967_2-scaled.jpg 1707w, https:\/\/art.nthu.edu.tw\/wp-content\/uploads\/2025\/03\/\u57a0\u5e0c\u2027\u91d1\u2027\u99ac\u5409\u5967_2-768x1152.jpg 768w, https:\/\/art.nthu.edu.tw\/wp-content\/uploads\/2025\/03\/\u57a0\u5e0c\u2027\u91d1\u2027\u99ac\u5409\u5967_2-1024x1536.jpg 1024w, https:\/\/art.nthu.edu.tw\/wp-content\/uploads\/2025\/03\/\u57a0\u5e0c\u2027\u91d1\u2027\u99ac\u5409\u5967_2-1365x2048.jpg 1365w\" sizes=\"(max-width: 1707px) 100vw, 1707px\" \/><\/a>1.&nbsp;<\/span><\/strong><span style=\"text-decoration: underline;\"><strong>\u8072\u6a02\u6307\u5c0e\uff1a\u57a0\u5e0c\u2027\u91d1\u2027\u99ac\u5409<\/strong><strong>\u5967 (<\/strong><strong>Eunhee Kim&nbsp;Maggio<\/strong><\/span><strong><span style=\"text-decoration: underline;\">)<\/span><br \/>\n<\/strong><em>Soprano Singer<\/em><\/span><\/p>\n<p style=\"padding-left: 40px;\"><span style=\"font-family: 'book antiqua', palatino, serif;\">\u2666 2025\/04\/15 (\u4e8c) &#8211; 04\/18 (\u4e94)<br \/>\n\u6bcf\u65e5 10:30 &#8211; 12:30\u300114:30 &#8211; 17:30 \u5747\u70ba\u500b\u5225\u8ab2<strong>\uff5c<\/strong>B202\u6559\u5ba4<\/span><\/p>\n<p style=\"padding-left: 40px;\"><span style=\"font-family: 'book antiqua', palatino, serif;\"><strong>\u5927\u5e2b\u7c21\u4ecb\uff5c<\/strong>\u57a0\u5e0c\u2027\u91d1\u2027\u99ac\u5409\u5967\u70ba\u97d3\u570b\u7c4d\u6292\u60c5\u5973\u9ad8\u97f3\uff0c\u73fe\u5c45\u7fa9\u5927\u5229\uff0c\u6d3b\u8e8d\u65bc\u6b50\u6d32\u97f3\u6a02\u821e\u53f0\uff0c\u4e26\u4ee5\u5176\u8c50\u5bcc\u7684\u97f3\u8272\u3001\u67d4\u8edf\u8207\u92b3\u5229\u517c\u5177\u7684\u6f14\u5531\u6280\u5de7\uff0c\u4ee5\u53ca\u5c0d\u89d2\u8272\u7684\u6df1\u523b\u8a6e\u91cb\u80fd\u529b\u800c\u805e\u540d\u3002\u5979\u7684\u97f3\u6a02\u65c5\u7a0b\u7531\u9996\u723e\u5927\u5b78\u8d77\u6b65\uff0c\u5f8c\u8f49\u8d74\u7c73\u862d\u97f3\u6a02\u9662\u6df1\u9020\uff0c\u4e26\u5e2b\u5f9e\u7fa9\u5927\u5229\u6b4c\u5287\u5927\u5e2b Bonaldo Giaiotti \u8207 Raina Kabaivanska\uff0c\u6c72\u53d6\u50b3\u7d71\u7fa9\u5927\u5229\u7f8e\u8072\u5531\u6cd5\u7684\u7cbe\u9ad3\u3002<\/span><\/p>\n<p style=\"padding-left: 40px;\"><span style=\"font-family: 'book antiqua', palatino, serif;\">\u57a0\u5e0c\u7684\u6b4c\u5287\u751f\u6daf\u5df2\u6f14\u51fa\u591a\u500b\u6b4c\u5287\u4e3b\u89d2\uff0c\u4e26\u5728\u570b\u969b\u8457\u540d\u5287\u9662\u767b\u53f0\u6f14\u51fa\uff0c\u5305\u62ec\uff1a\u5728\u7fa9\u5927\u5229\u97cb\u723e\u5207\u5229\u5e02\u7acb\u5287\u9662\u98fe\u6f14\u300a\u904a\u5531\u8a69\u4eba\u300b\u7684\u857e\u5967\u8afe\u62c9\uff08Leonora\uff09\u3001\u5728\u97d3\u570b\u5927\u90b1\u6b4c\u5287\u9662\u6f14\u51fa\u300a\u6ce2\u897f\u7c73\u4e9e\u4eba\u300b\u7684\u54aa\u54aa\uff08Mim\u00ec\uff09\uff0c\u4ee5\u53ca\u5728\u9996\u723e\u85dd\u8853\u6bbf\u5802\u6f14\u51fa\u6b4c\u5287\u53f2\u4e0a\u6700\u5177\u6311\u6230\u6027\u7684\u89d2\u8272\u4e4b\u4e00\u300a\u675c\u862d\u6735\u300b\uff08Turandot\uff09\u4e2d\u7684\u675c\u862d\u6735\u516c\u4e3b\u3002\u5728\u300a\u675c\u862d\u6735\u300b\u7684\u6f14\u51fa\u4e2d\uff0c\u5979\u90a3\u6563\u767c\u8457\u5f37\u70c8\u5167\u5fc3\u529b\u91cf\u7684\u8a6e\u91cb\u5ee3\u53d7\u6a02\u8ff7\u597d\u8a55\u3002(<a href=\"https:\/\/www.deartes.cloud\/?p=66899\">\u500b\u4eba\u5c08\u8a2a<\/a>)<\/span><\/p>\n<p>&nbsp;<\/p>\n<p style=\"text-align: right;\"><span style=\"font-family: 'book antiqua', palatino, serif;\"><a href=\"#UP\">\u56de\u5230\u6700\u4e0a\u65b9<\/a><\/span><\/p>\n<hr>\n<p style=\"padding-left: 40px;\"><span style=\"font-family: 'book antiqua', palatino, serif;\"><span style=\"text-decoration: underline;\"><strong><a href=\"https:\/\/art.nthu.edu.tw\/wp-content\/uploads\/2025\/03\/Jose-Ramon-Mendez-1.jpg\"><img decoding=\"async\" class=\"size-full wp-image-6377 alignleft\" src=\"https:\/\/art.nthu.edu.tw\/wp-content\/uploads\/2025\/03\/Jose-Ramon-Mendez-1.jpg\" alt=\"\" width=\"100\"><\/a>2.<\/strong><\/span><strong><span style=\"text-decoration: underline;\">\u92fc\u7434\u5927\u5e2b\u73ed\uff1a\u8377\u897f\u2027\u62c9\u8499\u2027\u9580\u5fb7\u65af\uff08Jos\u00e9 Ram\u00f3n M\u00e9ndez\uff09<br \/>\n<\/span><\/strong><em>Associate Professor,&nbsp;<\/em> Oberlin Conservatory of Music<\/span><\/p>\n<p style=\"padding-left: 40px;\"><span style=\"font-family: 'book antiqua', palatino, serif;\">\u2666 2025\/04\/16 (\u4e09) 10:00 &#8211; 12:00\uff5c\u6f14\u594f\u5ef3<strong><br \/>\n<\/strong><\/span><\/p>\n<p style=\"padding-left: 40px;\"><span style=\"font-family: 'book antiqua', palatino, serif;\"><strong>\u5927\u5e2b\u7c21\u4ecb\uff5c<\/strong>\u8377\u897f\u2027\u62c9\u8499\u2027\u9580\u5fb7\u65af\u88ab\u8b7d\u70ba\u300c\u4ed6\u9019\u4e00\u4ee3\u6700\u5091\u51fa\u7684\u897f\u73ed\u7259\u92fc\u7434\u5bb6\u300d\uff0c\u4e26\u6d3b\u8e8d\u65bc\u570b\u969b\u6a02\u58c7\uff0c\u66fe\u8207\u53e4\u5df4\u570b\u5bb6\u4ea4\u97ff\u6a02\u5718\u3001Nittany Valley\u4ea4\u97ff\u6a02\u5718\u5408\u4f5c\uff0c\u4e26\u53d7\u9080\u65bcCaramoor\u3001\u963f\u746a\u83f2\u6d77\u5cb8\u8207\u8056\u5766\u5fb7\u7b49\u97f3\u6a02\u7bc0\u6f14\u51fa\uff0c\u8207\u4f0a\u624e\u514b\u2027\u5e15\u723e\u66fc\u3001\u5e73\u590f\u65af\u2027\u7956\u514b\u66fc\u7b49\u540d\u5bb6\u5408\u4f5c\u3002\u9580\u5fb7\u65af 11 \u6b72\u5373\u5728\u5967\u7dad\u8036\u591a\u611b\u6a02\u5354\u6703\u767b\u53f0\uff0c\u96a8\u5f8c\u5728\u963f\u59c6\u65af\u7279\u4e39\u97f3\u6a02\u5ef3\u6f14\u594f\u674e\u65af\u7279\u7b2c\u4e00\u92fc\u7434\u5354\u594f\u66f2\uff0c\u7372\u5f97\u570b\u969b\u77da\u76ee\u3002\u4ed6\u8d74\u7f8e\u6df1\u9020\uff0c\u5728\u66fc\u54c8\u9813\u97f3\u6a02\u5b78\u9662\u53d6\u5f97\u535a\u58eb\u5b78\u4f4d\uff0c\u5e2b\u5f9e\u62dc\u502b\u2027\u96c5\u5c3c\u65af\u8207\u5bae\u5ca1\u7f8e\u4ee3\u5b50\uff0c\u4e26\u65bc\u591a\u9805\u570b\u969b\u6bd4\u8cfd\u4e2d\u7372\u734e\u3002<br \/>\n\u4f5c\u70ba\u6559\u80b2\u5bb6\uff0c\u4ed6\u66fe\u5728\u897f\u73ed\u7259\u3001\u7f8e\u570b\u591a\u6240\u9802\u5c16\u97f3\u6a02\u5b78\u5e9c\u6388\u8ab2\uff0c\u5305\u62ec\u5fb7\u5dde\u5927\u5b78\u5967\u65af\u6c40\u5206\u6821\u3001\u7d10\u7d04\u5927\u5b78\u53ca\u897f\u5317\u5927\u5b78\u3002\u76ee\u524d\uff0c\u4ed6\u64d4\u4efb\u897f\u73ed\u7259\u5e0c\u6d2a\u570b\u969b\u92fc\u7434\u97f3\u6a02\u7bc0\u85dd\u8853\u7e3d\u76e3\uff0c\u4e26\u53d7\u9080\u65bc\u4e16\u754c\u5404\u5927\u97f3\u6a02\u7bc0\u6f14\u594f\u8207\u6388\u8ab2\u3002<\/span><span style=\"font-family: 'book antiqua', palatino, serif;\">(<a href=\"https:\/\/www.joseramonmendez.com\/\">\u500b\u4eba\u7db2\u9801<\/a>)<\/span><\/p>\n<p>&nbsp;<\/p>\n<p style=\"text-align: right;\"><span style=\"font-family: 'book antiqua', palatino, serif;\"><a href=\"#UP\">\u56de\u5230\u6700\u4e0a\u65b9<\/a><\/span><\/p>\n<hr>\n<p style=\"padding-left: 40px; text-align: left;\"><span style=\"font-family: 'book antiqua', palatino, serif;\"><span style=\"text-decoration: underline;\"><strong><a href=\"https:\/\/art.nthu.edu.tw\/wp-content\/uploads\/2025\/04\/den-Herder-e1744370125197.jpg\"><img decoding=\"async\" class=\"wp-image-6630 size-full alignleft\" src=\"https:\/\/art.nthu.edu.tw\/wp-content\/uploads\/2025\/04\/den-Herder-e1744370125197.jpg\" alt=\"\" width=\"100\"><\/a>3. \u5927\u63d0\u7434\u5927\u5e2b\u73ed\uff1a \u4e39\uff0e\u8d6b\u5fb7 (Jeroen den Herder)<br \/>\n<\/strong><\/span><em>Professor,<br \/>\n<\/em>The Utrechts Conservatorium, Hogeschool voor de Kunsten Utrecht<\/span><br \/>\n<span style=\"font-family: 'book antiqua', palatino, serif;\">The Codarts Rotterdam<\/span><\/p>\n<p style=\"padding-left: 40px;\"><span style=\"font-family: 'book antiqua', palatino, serif;\">\u2666 2025\/05\/08 (\u56db) 15:00-17:00\uff5c\u6f14\u594f\u5ef3<\/span><\/p>\n<p style=\"padding-left: 40px;\"><span style=\"font-family: 'book antiqua', palatino, serif;\"><strong>\u5927\u5e2b\u7c21\u4ecb\uff5c<\/strong>\u8377\u862d\u5927\u63d0\u7434\u5bb6\u4e39\uff0e\u8d6b\u5fb7\u66fe\u5e2b\u5f9e\u5fb7\u7c73\u7279\u91cc\uff0e\u798f\u5e0c\u66fc\uff08Dmitri Ferschtman\uff09\u8207\u514b\u91cc\u65af\u591a\u592b\uff0e\u90a6\u5ef7\uff08Christopher Bunting\uff09\u66fe\u64d4\u4efb\u570b\u969b\u77e5\u540d\u5927\u63d0\u7434\u516b\u91cd\u594f\u5718 Conjunto Ib\u00e9rico \u9996\u5e2d\uff0c\u6d3b\u8e8d\u65bc\u5168\u7403\u821e\u53f0\u3002\u4ed6\u66fe\u7372 Postbank Sweelinck \u6bd4\u8cfd\u51a0\u8ecd\u3001\u7687\u5bb6\u963f\u59c6\u65af\u7279\u4e39\u97f3\u6a02\u5ef3\u57fa\u91d1\u6703\u9996\u734e\uff0c\u4e26\u4ee5\u9b6f\u4f0a\u65af\u9054\u723e\u5f26\u6a02\u56db\u91cd\u594f\u6210\u54e1\u8eab\u4efd\u69ae\u7372\u300cAnton Kersjes Prize\u300d\u3002<\/span><span style=\"font-family: 'book antiqua', palatino, serif;\">\u4f5c\u70ba\u7368\u594f\u5bb6\uff0c\u4ed6\u66fe\u65bc\u502b\u6566\u5a01\u683c\u6469\u723e\u97f3\u6a02\u5ef3\u3001\u7d10\u7d04\u6797\u80af\u4e2d\u5fc3\u3001\u963f\u59c6\u65af\u7279\u4e39\u97f3\u6a02\u5ef3\u3001\u5e03\u9b6f\u585e\u723e\u7f8e\u8853\u5bae\u7b49\u6bbf\u5802\u7d1a\u97f3\u6a02\u5ef3\u6f14\u51fa\uff0c\u4e26\u8207\u99ac\u53cb\u53cb\u3001\u694a\u5c3c\u5a1c\uff0e\u694a\u68ee\u7b49\u97f3\u6a02\u5bb6\u5408\u4f5c\u3002\u4ed6\u4ea6\u7a4d\u6975\u63a8\u52d5\u7576\u4ee3\u97f3\u6a02\uff0c\u70ba\u65b0\u97f3\u6a02\u5718\uff08Nieuw Ensemble\uff09<\/span><span style=\"font-family: 'book antiqua', palatino, serif;\">\u97f3\u6a02\u5718\u9ad4\u6210\u54e1\u3002<\/span><span style=\"font-family: 'book antiqua', palatino, serif;\">\u8d6b\u5fb7\u73fe\u4efb\u9e7f\u7279\u4e39\u8207\u70cf\u7279\u52d2\u652f\u97f3\u6a02\u5b78\u9662\u6559\u6388\uff0c\u4e26\u70ba CelloWercken Zutphen \u85dd\u8853\u7e3d\u76e3\uff0c\u81f4\u529b\u65bc\u9752\u5e74\u97f3\u6a02\u5bb6\u57f9\u80b2\uff0c\u5c07\u6280\u8853\u8207\u97f3\u6a02\u6027\u5b8c\u7f8e\u878d\u5408\u3002(<a href=\"https:\/\/www.musicalta.com\/en\/project\/jeroen-den-herder\/\">\u500b\u4eba\u4ecb\u7d39<\/a>)<\/span><\/p>\n<p>&nbsp;<\/p>\n<p style=\"text-align: right;\"><span style=\"font-family: 'book antiqua', palatino, serif;\"><a href=\"#UP\">\u56de\u5230\u6700\u4e0a\u65b9<\/a><\/span><\/p>\n<hr>\n<p style=\"line-height: 1.2; padding-left: 40px;\"><span style=\"font-family: 'book antiqua', palatino, serif;\"><strong><span style=\"text-decoration: underline;\"><a href=\"https:\/\/art.nthu.edu.tw\/wp-content\/uploads\/2025\/04\/-e1744370216436.jpg\"><img decoding=\"async\" class=\"alignnone size-full wp-image-6633 alignleft\" src=\"https:\/\/art.nthu.edu.tw\/wp-content\/uploads\/2025\/04\/-e1744370216436.jpg\" alt=\"\" width=\"100\"><\/a>4.&nbsp;<\/span><\/strong><span style=\"text-decoration: underline;\"><strong>\u5c0f\u63d0\u7434\u8b1b\u5ea7\u66a8\u5927\u5e2b\u73ed\uff1a\u9b4f\u9756\u5100 (William Wei)<br \/>\n<\/strong><\/span><em>Violinist<\/em><\/span><\/p>\n<p style=\"padding-left: 40px;\"><span style=\"font-family: 'book antiqua', palatino, serif;\">\u2666 2025\/05\/12 (\u4e00) 15:30-17:30\uff5c\u6f14\u594f\u5ef3<br \/>\n<\/span><span style=\"font-family: 'book antiqua', palatino, serif;\">\u2666 2025\/05\/14 (\u4e09) 10:00-12:00\uff5cA201 \u6559\u5ba4\uff08\u793a\u7bc4\u6f14\u51fa\u8b1b\u5ea7\uff09<br \/>\n<\/span><span style=\"font-family: 'book antiqua', palatino, serif;\">\u2666 2025\/05\/16 (\u4e94) 10:00-12:00\uff5c\u6f14\u594f\u5ef3\uff08\u793a\u7bc4\u6f14\u51fa\u8b1b\u5ea7\uff09<\/span><\/p>\n<p style=\"padding-left: 40px;\"><span style=\"font-family: 'book antiqua', palatino, serif;\"><strong>\u5927\u5e2b\u7c21\u4ecb\uff5c<\/strong>\u9b4f\u9756\u5100\u662f\u5099\u53d7\u570b\u969b\u77da\u76ee\u7684\u53f0\u7063\u65b0\u751f\u4ee3\u5c0f\u63d0\u7434\u5bb6\uff0c\u64c1\u6709\u5353\u8d8a\u7684\u6f14\u594f\u6280\u5de7\u4ee5\u53ca\u6df1\u523b\u7684\u97f3\u6a02\u8a6e\u91cb\u80fd\u529b\uff0c2015\u5e74\u66fe\u6458\u5f97\u4f0a\u8389\u838e\u767d\u5973\u738b\u570b\u969b\u97f3\u6a02\u5927\u8cfd\u6842\u51a0\uff0c\u4e26\u4ee5\u8207\u6bd4\u5229\u6642\u570b\u5bb6\u7ba1\u5f26\u6a02\u5718\u5408\u4f5c\u7684\u856d\u65af\u5854\u79d1\u7dad\u5951\u5c0f\u63d0\u7434\u5354\u594f\u66f2\u7372\u5f97\u9ad8\u5ea6\u8b9a\u63da\u3002\u4ed6\u6240\u64c1\u6709\u7684\u7cbe\u6e5b\u6280\u5de7\u8207\u7d30\u81a9\u7684\u97f3\u6a02\u60c5\u611f\u8868\u73fe\u6e3e\u7136\u4e00\u9ad4\uff0c\u4e0d\u8ad6\u4f5c\u70ba\u7368\u594f\u5bb6\uff0c\u6216\u662f\u8207\u9802\u5c16\u4ea4\u97ff\u6a02\u5718\u3001\u5ba4\u5167\u6a02\u5718\u5408\u4f5c\uff0c\u5747\u80fd\u5c55\u73fe\u5176\u7368\u6a39\u4e00\u5e5f\u7684\u85dd\u8853\u98a8\u683c\u3002\u9b4f\u9756\u5100\u66fe\u8207\u6bd4\u5229\u6642\u570b\u5bb6\u7ba1\u5f26\u6a02\u5718\u3001\u514b\u91cc\u592b\u862d\u7ba1\u5f26\u6a02\u5718\u7b49\u4e16\u754c\u4e00\u6d41\u6a02\u5718\u5408\u4f5c\uff0c\u4e26\u66fe\u65bc\u7d10\u7d04\u6797\u80af\u97f3\u6a02\u4e2d\u5fc3\u3001\u5e03\u9b6f\u585e\u723e\u738b\u5bb6\u7f8e\u8853\u5bae\u62c9\u5bf6\u8299\u97f3\u6a02\u5ef3\u53ca\u5176\u4ed6\u91cd\u8981\u5834\u9928\u6f14\u51fa\u3002<br \/>\n(<a href=\"https:\/\/williamweiviolinist.com\/?fbclid=IwY2xjawH1z8JleHRuA2FlbQIxMAABHZPgeZnpCBbUSGxKMRHbEmALs7ic84s0sCv_5mr8J4wBCnve91cev9gavA_aem_r5SakoNUumlcjbt8je4b4Q\">\u500b\u4eba\u7db2\u9801<\/a>)<\/span><\/p>\n<p>&nbsp;<\/p>\n<p style=\"text-align: right;\"><span style=\"font-family: 'book antiqua', palatino, serif;\"><a href=\"#UP\">\u56de\u5230\u6700\u4e0a\u65b9<\/a><\/span><\/p>\n<hr>\n<p style=\"line-height: 1.2; padding-left: 40px;\"><span style=\"font-family: 'book antiqua', palatino, serif;\"><strong><span style=\"text-decoration: underline;\"><a href=\"https:\/\/art.nthu.edu.tw\/wp-content\/uploads\/2025\/04\/slutsky.jpg\"><img decoding=\"async\" class=\"alignnone size-full wp-image-6635 alignleft\" src=\"https:\/\/art.nthu.edu.tw\/wp-content\/uploads\/2025\/04\/slutsky.jpg\" alt=\"\" width=\"100\"><\/a>5. \u92fc\u7434\u8b1b\u5ea7\u66a8\u5927\u5e2b\u73ed<\/span><\/strong><strong><span style=\"text-decoration: underline;\">\uff1a\u4f2f\u91cc\u65af\u2027\u53f2\u9678\u65af\u57fa (Boris Slutsky)<br \/>\n<\/span><\/strong><em>Distinguished Professor<\/em><strong>, <\/strong>Peabody Institute &#8211; Johns Hopkins University<br \/>\n\uff08\u7279\u5225\u5ba2\u5ea7\u8a08\u756bFulbright Specialist Program\uff09<br \/>\n<\/span><\/p>\n<p style=\"padding-left: 160px; text-align: left;\"><span style=\"font-family: 'book antiqua', palatino, serif;\">\u2666 2025\/05\/20 (\u4e8c) 10:00-12:00\uff5c\u6f14\u594f\u5ef3<br \/>\n<\/span><span style=\"font-family: 'book antiqua', palatino, serif;\">\u2666 2025\/05\/21 (\u4e09) 10:00-12:00\uff5cA201\u6559\u5ba4\uff08\u8b1b\u5ea7\uff09<br \/>\n<\/span><span style=\"font-family: 'book antiqua', palatino, serif;\">\u2666 2025\/05\/22 (\u56db) 13:00-15:00\uff5c\u6f14\u594f\u5ef3<br \/>\n<\/span><span style=\"font-family: 'book antiqua', palatino, serif;\">&nbsp;\u2666 2025\/05\/24 (\u516d) 13:00-15:00\uff5c\u6f14\u594f\u5ef3<\/span><\/p>\n<p style=\"padding-left: 40px;\"><span style=\"font-family: 'book antiqua', palatino, serif;\"><strong>\u5927\u5e2b\u7c21\u4ecb\uff5c<\/strong>\u4f2f\u91cc\u65af\u2027\u53f2\u9678\u65af\u57fa\u6559\u6388\u4f5c\u70ba\u92fc\u7434\u5bb6\uff0c\u5411\u4f86\u4ee5\u5176\u7cbe\u7dfb\u6eab\u6696\u7684\u89f8\u9375\u97f3\u8272\u8207\u5353\u8d8a\u7684\u85dd\u8853\u8868\u73fe\u4eab\u8b7d\u570b\u969b\u3002\u4ed6\u66fe\u69ae\u7372 William Kapell \u92fc\u7434\u5927\u8cfd\u7684\u6700\u4f73\u89c0\u773e\u734e\u53ca Wihelm Backhaus \u734e\uff0c\u4ee5\u53caKosciuszko Chopin \u5927\u8cfd\u8207 San Antonio \u570b\u969b\u92fc\u7434\u5927\u8cfd\u7684\u9996\u734e\u3002\u4f5c\u70ba\u77e5\u540d\u7684\u92fc\u7434\u7368\u594f\u5bb6\uff0c\u53f2\u9678\u65af\u57fa\u6559\u6388\u66fe\u8207\u591a\u4f4d\u8457\u540d\u6307\u63ee\u5bb6\u53ca\u4e16\u754c\u9802\u5c16\u6a02\u5718\u5408\u4f5c\uff0c\u53ca\u5728\u7f8e\u570b\u7d04\u7ff0\u00b7\u7518\u8ffa\u8fea\u8868\u6f14\u85dd\u8853\u4e2d\u5fc3\u3001\u97d3\u570b\u9996\u723e\u85dd\u8853\u4e2d\u5fc3\uff0c\u4ee5\u53ca\u6211\u570b\u7684\u570b\u5bb6\u97f3\u6a02\u5ef3\u7b49\u570b\u969b\u7d1a\u97f3\u6a02\u5834\u9928\u6f14\u51fa\u3002\u9664\u4e86\u7368\u594f\u6f14\u51fa\u7d93\u9a57\uff0c\u53f2\u9678\u65af\u57fa\u6559\u6388\u4e5f\u71b1\u8877\u65bc\u5ba4\u5167\u6a02\u5408\u4f5c\uff0c\u66fe\u8207\u5c0f\u63d0\u7434\u540d\u5bb6 Ilya Kaler \u5408\u4f5c\u9304\u88fd\u300a\u8212\u66fc\u594f\u9cf4\u66f2\u300b\uff0c\u8a72\u5531\u7247\u5ee3\u53d7\u597d\u8a55\u3002<\/span><\/p>\n<p style=\"padding-left: 40px;\"><span style=\"font-family: 'book antiqua', palatino, serif;\">\u9664\u4e86\u512a\u7570\u7684\u6f14\u594f\u8207\u7af6\u8cfd\u7d93\u6b77\uff0c\u53f2\u9678\u65af\u57fa\u6559\u6388\u4e5f\u662f\u4e00\u4f4d\u512a\u79c0\u7684\u6559\u80b2\u5bb6\uff0c\u76ee\u524d\u4f5c\u70ba\u7279\u8058\u6559\u6388\u53d7\u8058\u65bc\u7435\u7436\u7b2c\u97f3\u6a02\u5b78\u9662\u3002\u66fe\u65bc\u8036\u9b6f\u5927\u5b78\u97f3\u6a02\u5b78\u9662\u3001\u8331\u8389\u4e9e\u97f3\u6a02\u9662\u53ca\u4f0a\u65af\u66fc\u97f3\u6a02\u5b78\u9662\u4efb\u6559\uff0c\u4e26\u70ba\u591a\u9805\u570b\u969b\u92fc\u7434\u5927\u8cfd\u64d4\u4efb\u8a55\u5be9\u53ca\u5927\u5e2b\u73ed\u6307\u5c0e\u3002\u4ed6\u7684\u5b78\u751f\u5c62\u7372\u570b\u969b\u8cfd\u4e8b\u734e\u9805\u3002<br \/>\n(<a href=\"https:\/\/peabody.jhu.edu\/faculty\/boris-slutsky\/\">\u4efb\u8077\u55ae\u4f4d\u500b\u4eba\u4ecb\u7d39<\/a>)<\/span><\/p>\n<p style=\"text-align: right;\"><span style=\"font-family: 'book antiqua', palatino, serif;\"><a href=\"#UP\">\u56de\u5230\u6700\u4e0a\u65b9<\/a><\/span><\/p>\n<hr>\n<p style=\"line-height: 1.2; padding-left: 40px; text-align: left;\"><span style=\"font-family: 'book antiqua', palatino, serif;\"><span style=\"text-decoration: underline;\"><strong><a href=\"https:\/\/art.nthu.edu.tw\/wp-content\/uploads\/2025\/04\/-e1744370317295.jpg\"><img decoding=\"async\" class=\"size-full wp-image-6637 alignleft\" src=\"https:\/\/art.nthu.edu.tw\/wp-content\/uploads\/2025\/04\/-e1744370317295.jpg\" alt=\"\" width=\"100\"><\/a>6.&nbsp;<\/strong><\/span><strong><span style=\"text-decoration: underline;\">\u5c0f\u63d0\u7434\u5927\u5e2b\u73ed\uff1a<\/span><span style=\"text-decoration: underline;\">\u80e1\u4e43\u5143 (Nai-Yuan Hu)<br \/>\n<\/span><\/strong><em>Music director,<\/em> Taiwan Connection<\/span><\/p>\n<p style=\"padding-left: 40px; text-align: left;\"><span style=\"font-family: 'book antiqua', palatino, serif;\">\u2666 2025\/05\/22 (\u56db) 10:00-12:00\uff5c\u6f14\u594f\u5ef3<br \/>\n<\/span><span style=\"font-family: 'book antiqua', palatino, serif;\">\u2666 2025\/05\/24 (\u516d) 15:30-17:30\uff5c\u6f14\u594f\u5ef3<\/span><\/p>\n<p style=\"padding-left: 40px; text-align: left;\"><span style=\"font-family: 'book antiqua', palatino, serif;\"><strong>\u5927\u5e2b\u7c21\u4ecb\uff5c<\/strong>\u5c0f\u63d0\u7434\u5bb6\u80e1\u4e43\u5143\uff0c1985\u5e74\u4ee5\u69ae\u7372\u6bd4\u5229\u6642\u4f0a\u8389\u838e\u767d\u5973\u738b\u570b\u969b\u97f3\u6a02\u5927\u8cfd\u9996\u734e\u4f5c\u70ba\u63da\u540d\u570b\u969b\u6a02\u58c7\u7684\u8d77\u9ede\u3002\u5728\u97f3\u6a02\u8077\u696d\u751f\u6daf\u4e2d\uff0c\u66fe\u8207\u591a\u500b\u4e16\u754c\u77e5\u540d\u6a02\u5718\u5408\u4f5c\uff0c\u5982\uff1a\u502b\u6566\u7687\u5bb6\u611b\u6a02\u3001\u897f\u96c5\u5716\u4ea4\u97ff\u6a02\u5718\u53ca\u6771\u4eac\u611b\u6a02\u7b49\uff0c\u4e26\u66fe\u65bc\u963f\u59c6\u65af\u7279\u4e39\u97f3\u6a02\u5ef3\u3001\u7d10\u7d04\u7684\u5927\u885b\u2027\u683c\u82ac\u5ef3\u7b49\u570b\u969b\u8457\u540d\u5834\u5730\u8209\u8fa6\u7368\u594f\u6703\u3002\u80e1\u4e43\u5143\u540c\u6642\u6d3b\u8e8d\u65bc\u5ba4\u5167\u6a02\u6f14\u594f\u9818\u57df\uff0c\u66fe\u8207\u540d\u5bb6\u746a\u5854\u2027\u963f\u683c\u9e97\u5e0c\uff08Martha Argerich\uff09\u53ca\u7c73\u6c99\u2027\u9ea5\u65af\u57fa\uff08Misha Maisky\uff09\u7b49\u5408\u4f5c\u540c\u53f0\uff0c\u4ed6\u7684\u9304\u97f3\u4f5c\u54c1\u5c62\u7372 Gramophone \u7b49\u6b0a\u5a01\u5a92\u9ad4\u63a8\u5d07\uff0c\u66fe\u64d4\u4efb\u591a\u9805\u570b\u969b\u5927\u8cfd\u8a55\u5be9\uff0c\u4e26\u5275\u7acb Taiwan Connection \u5ba4\u5167\u6a02\u5718\uff0c\u81f4\u529b\u65bc\u53e4\u5178\u97f3\u6a02\u85dd\u8853\u63a8\u5ee3\u3002<br \/>\n(<a href=\"https:\/\/www.tc-chambermusic.org\/music-director\/\">\u4efb\u8077\u55ae\u4f4d\u500b\u4eba\u4ecb\u7d39<\/a>)<\/span><\/p>\n<p style=\"text-align: right;\"><span style=\"font-family: 'book antiqua', palatino, serif;\"><a href=\"#UP\">\u56de\u5230\u6700\u4e0a\u65b9<\/a><\/span><\/p>\n<p>&nbsp;<\/p>\n","protected":false},"excerpt":{"rendered":"<p>&nbsp; UP \u70ba\u57f9\u80b2\u5091\u51fa\u97f3\u6a02\u4eba\u624d\uff0c2025\u5e74\u6625\u4e4b\u6e05\u83ef\u85dd\u8853\u7bc0\u570b\u969b\u97f3\u6a02\u5927\u5e2b\u6307\u5c0e\uff0c\u7279\u9080\u516d\u4f4d\u570b\u969b\u77e5\u540d\u97f3\u6a02\u5bb6\u849e\u81e8\u6e05 [&hellip;]<\/p>\n","protected":false},"author":4,"featured_media":0,"parent":5707,"menu_order":1,"comment_status":"closed","ping_status":"closed","template":"","meta":{"ngg_post_thumbnail":0,"footnotes":""},"_links":{"self":[{"href":"https:\/\/art.nthu.edu.tw\/index.php?rest_route=\/wp\/v2\/pages\/5862"}],"collection":[{"href":"https:\/\/art.nthu.edu.tw\/index.php?rest_route=\/wp\/v2\/pages"}],"about":[{"href":"https:\/\/art.nthu.edu.tw\/index.php?rest_route=\/wp\/v2\/types\/page"}],"author":[{"embeddable":true,"href":"https:\/\/art.nthu.edu.tw\/index.php?rest_route=\/wp\/v2\/users\/4"}],"replies":[{"embeddable":true,"href":"https:\/\/art.nthu.edu.tw\/index.php?rest_route=%2Fwp%2Fv2%2Fcomments&post=5862"}],"version-history":[{"count":64,"href":"https:\/\/art.nthu.edu.tw\/index.php?rest_route=\/wp\/v2\/pages\/5862\/revisions"}],"predecessor-version":[{"id":6719,"href":"https:\/\/art.nthu.edu.tw\/index.php?rest_route=\/wp\/v2\/pages\/5862\/revisions\/6719"}],"up":[{"embeddable":true,"href":"https:\/\/art.nthu.edu.tw\/index.php?rest_route=\/wp\/v2\/pages\/5707"}],"wp:attachment":[{"href":"https:\/\/art.nthu.edu.tw\/index.php?rest_route=%2Fwp%2Fv2%2Fmedia&parent=5862"}],"curies":[{"name":"wp","href":"https:\/\/api.w.org\/{rel}","templated":true}]}}